omposite number?
True
Is 2993377 composite?
True
Is 3501961 a composite number?
False
Is 41589871 composite?
True
Is 3107561 a prime number?
True
Is 4026257 prime?
True
Is 15441 a composite number?
True
Is 3516269 composite?
False
Is 39486991 a composite number?
False
Is 506419 composite?
True
Is 1597859 a composite number?
True
Is 2425117 prime?
True
Is 272539951 a prime number?
True
Is 132165323 a prime number?
True
Is 18060829 prime?
True
Is 134195587 a composite number?
False
Is 9670849 composite?
False
Is 748211 prime?
True
Is 49756645 a composite number?
True
Is 7275769 composite?
False
Is 8612107 a composite number?
True
Is 35286397 prime?
False
Is 154747745 a composite number?
True
Is 116548379 a prime number?
False
Is 18252109 composite?
False
Is 892078835 composite?
True
Is 4006151 a composite number?
True
Is 358038977 a composite number?
False
Is 6400991 prime?
False
Is 95603447 composite?
False
Is 15919773 a prime number?
False
Is 2179193 prime?
False
Is 360793453 prime?
True
Is 4696453 prime?
True
Is 1092307 prime?
True
Is 45218447 prime?
True
Is 24215201 a prime number?
False
Is 10502633 prime?
False
Is 150951769 a prime number?
True
Is 13365541 composite?
True
Is 16349915 a prime number?
False
Is 288781099 composite?
True
Is 49317647 a composite number?
True
Is 3258641 a composite number?
True
Is 92365573 prime?
False
Is 8228305 prime?
False
Is 102621201 a prime number?
False
Is 1804381 composite?
False
Is 2347087 a prime number?
False
Is 13326133 a prime number?
True
Is 3004493 a composite number?
False
Is 604881029 prime?
False
Is 9562331 a prime number?
True
Is 12688149 a prime number?
False
Is 28417913 a composite number?
False
Is 21650951 prime?
False
Is 5891699 prime?
False
Is 5864543 prime?
False
Is 43726997 a prime number?
True
Is 145560607 a composite number?
False
Is 2335643 composite?
True
Is 38080373 prime?
True
Is 237603709 a prime number?
False
Is 12505219 a composite number?
False
Is 415363007 composite?
True
Is 1960859 prime?
False
Is 1432037 a composite number?
True
Is 27900557 a prime number?
True
Is 6088899 a composite number?
True
Is 1514453 a prime number?
True
Is 158927141 a prime number?
True
Is 25677593 a composite number?
True
Is 8543231 composite?
True
Is 13128461 a prime number?
True
Is 15226867 a prime number?
False
Is 1570107653 composite?
False
Is 55744053 prime?
False
Is 1818709 prime?
False
Is 86415983 a prime number?
True
Is 7252741 a prime number?
False
Is 870533 composite?
False
Is 31603259 prime?
True
Is 45191183 a composite number?
False
Is 4915199 composite?
True
Is 4656259 composite?
True
Is 473407 prime?
False
Is 1893377 composite?
False
Is 13101479 a prime number?
True
Is 22192369 a composite number?
True
Is 6073169 prime?
True
Is 3882643 prime?
True
Is 303542579 a composite number?
False
Is 99173 prime?
True
Is 126950003 a prime number?
True
Is 2227681 prime?
False
Is 51574199 prime?
False
Is 562181 composite?
False
Is 252519634 composite?
True
Is 562641749 prime?
False
Is 2910637 a composite number?
False
Is 6849439 a composite number?
True
Is 178327729 a composite number?
True
Is 452072661 composite?
True
Is 22551511 composite?
True
Is 8167307 composite?
False
Is 24323239 a prime number?
False
Is 46505903 a composite number?
False
Is 16330331 a composite number?
False
Is 2880953 prime?
False
Is 4169419 a composite number?
True
Is 1403961697 composite?
True
Is 40245451 prime?
True
Is 7182899 a prime number?
True
Is 109126363 prime?
True
Is 2564931685 a prime number?
False
Is 333304073 a prime number?
True
Is 1466546 prime?
False
Is 54257107 composite?
True
Is 34831891 a composite number?
False
Is 12006409 a prime number?
True
Is 2602807 prime?
False
Is 1699087123 prime?
True
Is 195987121 prime?
False
Is 22180517 a composite number?
False
Is 27175367 a composite number?
True
Is 20504531 a prime number?
False
Is 1963981 a prime number?
True
Is 15631943 a prime number?
True
Is 67533538 composite?
True
Is 2764217 a prime number?
False
Is 168878671 prime?
False
Is 829361957 a composite number?
False
Is 47741447 composite?
True
Is 1320061 a composite number?
False
Is 158342831 composite?
False
Is 10065019 composite?
False
Is 9949279 composite?
True
Is 136969667 a prime number?
True
Is 831824857 prime?
True
Is 8104103 a prime number?
False
Is 73760053 a prime number?
False
Is 296603 composite?
True
Is 60551431 a prime number?
False
Is 1120499 a composite number?
False
Is 201513499 a prime number?
False
Is 2765513 composite?
False
Is 1950537 composite?
True
Is 112148057 prime?
False
Is 2784473 a prime number?
True
Is 1245683 a prime number?
True
Is 227777189 a composite number?
False
Is 5232559 a prime number?
True
Is 16961819 prime?
False
Is 120293 prime?
True
Is 6723391 composite?
True
Is 3252281 composite?
False
Is 16866853 a prime number?
True
Is 12875561 prime?
False
Is 3821681 prime?
True
Is 9423761 a prime number?
True
Is 790007 a composite number?
True
Is 6944635 a prime number?
False
Is 112875673 prime?
False
Is 9209063 composite?
True
Is 126366743 a prime number?
True
Is 55139 composite?
True
Is 59488409 a prime number?
True
Is 278174891 prime?
True
Is 1829185 a prime number?
False
Is 12002321 a prime number?
True
Is 892993 a prime number?
False
Is 16809881 prime?
False
Is 76595791 composite?
False
Is 217739759 a composite number?
False
Is 37417889 composite?
False
Is 3547442 a composite number?
True
Is 83576621 composite?
False
Is 23285527 composite?
True
Is 5884715 composite?
True
Is 1740149 prime?
False
Is 6885313 composite?
False
Is 163217343 composite?
True
Is 80195407 a prime number?
False
Is 8718163 a prime number?
True
Is 21447481 prime?
False
Is 2743991 prime?
True
Is 33191419 composite?
False
Is 14004613 a composite number?
True
Is 17234479 a composite number?
True
Is 2072227 prime?
False
Is 7245449 a composite number?
True
Is 1478531 a prime number?
False
Is 4520371 composite?
False
Is 1279489 composite?
True
Is 3623423 a composite number?
False
Is 1021169 a composite number?
True
Is 18307093 prime?
False
Is 33374573 composite?
False
Is 125094919 a prime number?
True
Is 9540707 a prime number?
False
Is 173778221 a prime number?
True
Is 7688851 prime?
False
Is 158549 prime?
False
Is 26764433 prime?
False
Is 1477565 a composite number?
True
Is 6670087 prime?
False
Is 86585761 a prime number?
True
Is 446713 a prime number?
True
Is 629857 composite?
False
Is 71064821 a composite number?
False
Is 439798357 composite?
True
Is 339589403 a composite number?
True
Is 43906297 a composite number?
False
Is 25356007 composite?
False
Is 144029995 prime?
False
Is 35023 a composite number?
False
Is 48346603 a composite number?
False
Is 87290917 composite?
True
Is 35467345 prime?
False
Is 2836077 prime?
False
Is 4018583 prime?
False
Is 13542949 a prime number?
False
Is 34671787 prime?
False
Is 35631931 composite?
False
Is 109392643 prime?
False
Is 311980967 composite?
True
Is 5090773 composite?
False
Is 4818383 a composite number?
False
Is 7196411 prime?
False
Is 41510407 composite?
False
Is 2272937 prime?
False
Is 4782853 prime?
True
Is 85990033 a composite number?
False
Is 46307969 composite?
True
Is 61386209 composite?
False
Is 13130147 a composite number?
False
Is 3061859 a composite number?
False
Is 1221331 a prime number?
False
Is 13615361 a composite number?
False
Is 34033039 a prime number?
False
Is 7277689 a prime number?
False
Is 3535943 prime?
True
Is 18758741 prime?
False
Is 8959319 prime?
False
Is 13935743 a composite number?
False
Is 389236213 composite?
False
Is 82700923 a composite number?
False
Is 2106503 a composite number?
True
Is 1188721 a prime number?
True
Is 31634719 prime?
False
Is 2649529 prime?
True
Is 638447 prime?
False
Is 7356449 prime?
False
Is 191657 a composite number?
False
Is 86708099 composite?
False
Is 3646393 a composite number?
False
Is 26899177 composite?
False
Is 68111431 a prime number?
True
Is 3696337 a composite number?
True
Is 1985363 prime?
True
Is 7875911 a prime number?
True
Is 6432599 prime?
True
Is 273805997 prime?
True
Is 6177569 composite?
False
Is 37098533 a prime number?
False
Is 6052897 composite?
True
Is 61139 a composite number?
True
Is 1367767 composite?
True
Is 6262537 composite?
False
Is 986177 a prime number?
True
Is 161138089